?
51122130
In base 12, what is -519a04 - -3?
-519a01
In base 10, what is -4 - 85743?
-85747
In base 6, what is 3 + 525544?
525551
In base 8, what is 2025 + -354?
1451
In base 7, what is 3255551 + -2?
3255546
In base 14, what is 209a56 + -1?
209a55
In base 10, what is 16 + 4939?
4955
In base 10, what is -321029 + 0?
-321029
In base 15, what is 2 - -1c065?
1c067
In base 15, what is -5 - -31988?
31983
In base 11, what is -2 + 46498?
46496
In base 15, what is -1cdc + -b?
-1ce8
In base 7, what is 145240 - -22?
145262
In base 16, what is 17 - -44417?
4442e
In base 8, what is -1 + 2610?
2607
In base 12, what is 418 + 16b?
587
In base 11, what is -14 - 1160?
-1174
In base 2, what is 10000001100001 - -10000?
10000001110001
In base 2, what is -1 - -111010100111?
111010100110
In base 3, what is -1001002 + -2120?
-1010122
In base 6, what is 43 - 504245?
-504202
In base 8, what is -10 - 1016?
-1026
In base 16, what is -10 - a9d?
-aad
In base 4, what is 12 - -202231?
202303
In base 12, what is 1 - -1b65?
1b66
In base 15, what is 7 - 150b15?
-150b0d
In base 14, what is 131b7 - -2?
131b9
In base 9, what is -88 + -184?
-283
In base 13, what is -5a2 - 3?
-5a5
In base 5, what is -1433433 + -1142?
-1440130
In base 4, what is 3212231 - -12?
3212303
In base 3, what is -112 - 11001?
-11120
In base 9, what is 786 - -1143?
2040
In base 5, what is -13 + 332131?
332113
In base 2, what is -1000001001011111 + 10?
-1000001001011101
In base 12, what is 26ba3 - -1?
26ba4
In base 8, what is -22 - -115012?
114770
In base 5, what is -4 + 1040413?
1040404
In base 16, what is 110 - -62?
172
In base 6, what is -3411 - 212?
-4023
In base 14, what is 3042d + -2?
3042b
In base 2, what is -11111011000000011 - -10?
-11111011000000001
In base 15, what is 286770 - -2?
286772
In base 6, what is -422 + -15000?
-15422
In base 9, what is 141 - -3482?
3633
In base 5, what is -3 - 31122?
-31130
In base 6, what is 33432 - -20?
33452
In base 14, what is -6 + 4219?
4213
In base 12, what is 0 + -49849?
-49849
In base 6, what is 3504503 + 1?
3504504
In base 7, what is 0 - -3351400?
3351400
In base 3, what is -12 + -2102012122?
-2102012211
In base 12, what is 19 - -1085?
10a2
In base 6, what is -1000102 + 1?
-1000101
In base 16, what is 296 - -6d?
303
In base 4, what is 13011 - 22332?
-3321
In base 4, what is 133 - -2001?
2200
In base 7, what is -2346 - 646?
-3325
In base 8, what is 1277 - 15054?
-13555
In base 2, what is 111100100100 - -110?
111100101010
In base 7, what is -222202 - 3?
-222205
In base 5, what is 130 + 22402?
23032
In base 4, what is -1 - -21220133?
21220132
In base 4, what is -3013312300 + 20?
-3013312220
In base 5, what is 21131204 - -31?
21131240
In base 16, what is -3 + 1660e?
1660b
In base 2, what is 11010111101010 + 11?
11010111101101
In base 7, what is 110532 - 155?
110344
In base 16, what is 4ab7f - 17?
4ab68
In base 8, what is 5 - 1314307?
-1314302
In base 9, what is -427 + -2265?
-2703
In base 8, what is -43762 + 0?
-43762
In base 4, what is 11 - 1312111301?
-1312111230
In base 9, what is -5 + 67275?
67270
In base 8, what is 3 + -17243?
-17240
In base 11, what is 1145 + 7a9?
1943
In base 8, what is 2 - -17526?
17530
In base 8, what is -437 - -14437?
14000
In base 11, what is -2 + 7017?
7015
In base 13, what is 292 - 102?
190
In base 11, what is 3762 - -2?
3764
In base 3, what is -112 - -101121100002?
101121022120
In base 12, what is -187b62b - 4?
-187b633
In base 5, what is 2210100 + 4?
2210104
In base 16, what is -3 + -2088?
-208b
In base 10, what is 26189 - 1?
26188
In base 7, what is 1063664 - 1?
1063663
In base 4, what is -32 + 100210?
100112
In base 7, what is 3 - 1041351?
-1041345
In base 8, what is -16 - 1176154?
-1176172
In base 7, what is 5364 - -454?
6151
In base 9, what is 0 + -12187?
-12187
In base 9, what is -87873 + -4?
-87877
In base 8, what is -2 + -3547024?
-3547026
In base 5, what is 220 - -1042243?
1043013
In base 3, what is 2021 - 1120020010?
-1120010212
In base 2, what is 101010000 - -1001101?
110011101
In base 9, what is 2 + -61867?
-61865
In base 11, what is 9 - 2768?
-275a
In base 2, what is -101 + 10001011001110?
10001011001001
In base 11, what is -2488 + 0?
-2488
In base 14, what is 4 - -22c9?
22cd
In base 5, what is -323 + -1013?
-1341
In base 10, what is -3 - 27350?
-27353
In base 5, what is 3 + 1433224?
1433232
In base 12, what is -4b42 + 3?
-4b3b
In base 12, what is 82 - 721?
-65b
In base 2, what is 110011011011001 + 100?
110011011011101
In base 10, what is 5 + -844316?
-844311
In base 16, what is -2050 + -c?
-205c
In base 15, what is 25d - c3?
18a
In base 4, what is -2232220 + -30?
-2232310
In base 3, what is 0 + -21020200000?
-21020200000
In base 9, what is 8 - 3518?
-3510
In base 14, what is 835 + -382?
493
In base 5, what is -3040 - 22033?
-30123
In base 15, what is -b8 + -bee?
-cb7
In base 2, what is 11000110 - -1001101011?
1100110001
In base 2, what is 0 + 101111110110111?
101111110110111
In base 14, what is 2 + 33c95?
33c97
In base 11, what is 4 - 11a61?
-11a58
In base 2, what is -100 - -1100000010010?
1100000001110
In base 15, what is 353 + 10?
363
In base 12, what is -14 + -5a343?
-5a357
In base 7, what is 2631313 - 3?
2631310
In base 11, what is 10712 - -8?
1071a
In base 7, what is -2 + -512225?
-512230
In base 4, what is 300 - -22303?
23203
In base 14, what is -47 + 174c?
1705
In base 7, what is -1203 + 13635?
12432
In base 14, what is -379a + -50?
-380a
In base 7, what is 4 + -466161?
-466154
In base 16, what is -1b - 30de?
-30f9
In base 16, what is 0 - -a187?
a187
In base 16, what is 24 + 42c?
450
In base 13, what is -3cb91 + 4?
-3cb8a
In base 10, what is 38084 - -13?
38097
In base 7, what is -1512 - 46?
-1561
In base 8, what is -7 - -2151?
2142
In base 2, what is -11 + 101000100100100?
101000100100001
In base 11, what is 85a09 - -2?
85a10
In base 11, what is 116 - 538?
-422
In base 10, what is -4 + 17309?
17305
In base 10, what is 49483 - -3?
49486
In base 7, what is -2551 - 155?
-3036
In base 8, what is -124115 - -4?
-124111
In base 9, what is 5 - 75865?
-75860
In base 7, what is 5 + 61255?
61263
In base 3, what is -2 - -101012110?
101012101
In base 16, what is 26 + -1e4?
-1be
In base 16, what is 26853 + 1?
26854
In base 10, what is -3 - 707424?
-707427
In base 12, what is 7 + 135229?
135234
In base 4, what is 13032 + 100321?
120013
In base 14, what is 119c8 - 3?
119c5
In base 12, what is 515 - 443?
92
In base 10, what is 71 - -179?
250
In base 10, what is -18 + 201?
183
In base 12, what is 69b1 + 6?
69b7
In base 4, what is 113312232 - -3?
113312301
In base 9, what is 10 - 38417?
-38407
In base 4, what is -3 - -3002213?
3002210
In base 2, what is 1001010010000011 - -1?
1001010010000100
In base 15, what is 5c83 + 2?
5c85
In base 13, what is -6092 - 20?
-60b2
In base 2, what is 1000101 + -1010011?
-1110
In base 14, what is -15 - 413?
-428
In base 10, what is -13990 - -55?
-13935
In base 14, what is 2 - 4c001?
-4bddd
In base 13, what is 1 - 11c9a?
-11c99
In base 16, what is 2 + -21a8?
-21a6
In base 13, what is 14 - 2814?
-2800
In base 9, what is 86 - 471?
-374
In base 7, what is 12 + 20325?
20340
In base 4, what is 30023213 + -10?
30023203
In base 16, what is -3 + 35b0f?
35b0c
In base 8, what is 2300743 + 1?
2300744
In base 2, what is 10010100000 + 10111?
10010110111
In base 8, what is -67455 - -5?
-67450
In base 4, what is 12 + -301203213?
-301203201
In base 15, what is -3471 - -53?
-341d
In base 2, what is 1 + 11001011000010001110?
11001011000010001111
In base 9, what is -116354 + 36?
-116317
In base 2, what is 1100111010110001001 - -1?
1100111010110001010
In base 9, what is -824101 + 4?
-824086
In base 2, what is 101010 - 1001010100000?
-1001001110110
In base 15, what is 1d1a5c - 4?
1d1a58
In base 10, what is 42775 - 2?
42773
In base 3, what is -220020010 + 21?
-220012212
In base 16, what is 16 - -1c4c?
1c62
In base 13, what is -51 + -8c0?
-941
In base 7, what is -1005 - 4535?
-5543
In base 7, what is 125 + 114035?
114163
In base 2, what is 110101 - 11010000?
-10011011
In base 12, what is 0 - b99a?
-b99a
In base 4, what is 10 - -110013202?
110013212
In base 13, what is -49 - b8?
-134
In base 2, what is -11 - 1010110011?
-1010110110
In base 12, what is -4 + 7695?
7691
In base 11, what is -111 - -3a?
-82
In base 10, what is -